 + 35265600?
35265555
In base 3, what is -2000201100001222 - 12?
-2000201100002011
In base 11, what is 10 - 878a13?
-878a03
In base 5, what is -3130223433022 - -1?
-3130223433021
In base 10, what is 708 + -1296631?
-1295923
In base 9, what is 125 + -136244?
-136118
In base 3, what is -2212112 - 201200202?
-211120021
In base 16, what is -3da481 + 4?
-3da47d
In base 2, what is 1 - 10111111000011011001011001?
-10111111000011011001011000
In base 10, what is 13 - -91406195?
91406208
In base 12, what is -6 + a2a253?
a2a249
In base 6, what is 52101505 - -1150?
52103055
In base 10, what is -21274860 + 20?
-21274840
In base 7, what is 16 + -3234641?
-3234622
In base 3, what is -2 - 210221000220012?
-210221000220021
In base 9, what is 1 - 126272207?
-126272206
In base 7, what is 121 - -226146?
226300
In base 14, what is -19 + 10c735?
10c71a
In base 2, what is -110000 + -101110100111000101100?
-101110100111001011100
In base 11, what is -202247a + 19?
-2022461
In base 10, what is 3 - -1204406?
1204409
In base 6, what is 235133422513 + -5?
235133422504
In base 13, what is -6 - -5725a2a?
5725a24
In base 5, what is -3223121130 + 3?
-3223121122
In base 8, what is -5 - 175121374?
-175121401
In base 12, what is 7a7 + -43133?
-42548
In base 2, what is -10 - -100111100101111100110?
100111100101111100100
In base 10, what is -2363 - 3226?
-5589
In base 15, what is 1 - 2410524?
-2410523
In base 3, what is 2200120221012 + -1201?
2200120212111
In base 7, what is -1 - -105141241?
105141240
In base 2, what is -1101001 + 11010011111101001?
11010011110000000
In base 4, what is 2103020233 + -3?
2103020230
In base 9, what is -10542352 - -22?
-10542330
In base 8, what is 523675 - 3472?
520203
In base 10, what is 246938 - 262?
246676
In base 7, what is -3645 + -5643?
-12621
In base 11, what is -11 - -2532640?
253262a
In base 5, what is -220223 + -14212?
-234440
In base 15, what is 12c769 + -2?
12c767
In base 6, what is 5353435 - 1315?
5352120
In base 16, what is 3 - -52223f?
522242
In base 3, what is 101222222 - -1010102010?
1112102002
In base 2, what is 1001011010000000011110 - -100101?
1001011010000001000011
In base 10, what is -47087002 - 1?
-47087003
In base 6, what is -11 + -100052?
-100103
In base 14, what is 1 - -6cd1c1?
6cd1c2
In base 10, what is 5 + -13377980?
-13377975
In base 5, what is -2201112 - 2210?
-2203322
In base 16, what is 7 + -925ce7?
-925ce0
In base 12, what is 41 + -1a3669?
-1a3628
In base 14, what is dc2634 + -a?
dc2628
In base 4, what is -1033232311133 + 2?
-1033232311131
In base 14, what is -50 + -3d42?
-3d92
In base 7, what is 2466400535 - -3?
2466400541
In base 11, what is 5 - -1221262?
1221267
In base 6, what is -403442 + 2154?
-401244
In base 15, what is 1b362 + 4b3a?
20e9c
In base 8, what is 1271 - -406574?
410065
In base 16, what is 1a + 376e?
3788
In base 3, what is -100 - -1022010110202?
1022010110102
In base 12, what is -11687b + 364?
-116517
In base 3, what is 112211022120 + -20221200?
112120100220
In base 12, what is 288a2 - 17?
28887
In base 13, what is 1728c2 - -a?
1728cc
In base 16, what is 5 - -188ff3?
188ff8
In base 5, what is 11401 - -111201023?
111212424
In base 14, what is -1506 - 3b6?
-18bc
In base 6, what is 11203200 - 14233?
11144523
In base 9, what is -280846674 + 1?
-280846673
In base 3, what is -122110020200 - -111?
-122110020012
In base 3, what is 222110100112200 + 0?
222110100112200
In base 12, what is 8b94128 - -5?
8b94131
In base 2, what is -1000001111101 + 10010011?
-111111101010
In base 4, what is -201 - -221333120213?
221333120012
In base 10, what is 7985 + 10230?
18215
In base 14, what is 233cdac + 2?
233cdb0
In base 7, what is -51213416 + -411?
-51214130
In base 6, what is 2 - 52353143121?
-52353143115
In base 2, what is -10001 - 101110011111100111000?
-101110011111101001001
In base 14, what is 28b0 - 550a?
-2a3a
In base 14, what is -325 - 4658a?
-468b1
In base 7, what is -232232 + -335?
-232600
In base 13, what is 1 + 47b5b7?
47b5b8
In base 2, what is 1010110101 + 1001010100000100?
1001011110111001
In base 8, what is 1 - -407504057?
407504060
In base 7, what is 101 + -361663?
-361562
In base 12, what is -9781948 + -6?
-9781952
In base 14, what is -22c42 + -1b4?
-23016
In base 14, what is 111 - 1a33d?
-1a22c
In base 13, what is 87 - -5a1cc?
5a286
In base 10, what is -550580 + -22?
-550602
In base 13, what is b28 + -377?
781
In base 15, what is -492d - -11?
-491c
In base 6, what is -243425 - -3255?
-240130
In base 15, what is 167ad - 137?
16676
In base 3, what is 2021 - 11002022111101?
-11002022102010
In base 15, what is 25 + -13a79?
-13a54
In base 7, what is -14 + -116155365?
-116155412
In base 13, what is -2640 - -181?
-248c
In base 9, what is -4 - -151673826?
151673822
In base 14, what is 32a7 - 9ca?
26bb
In base 11, what is a501 - -317?
a818
In base 10, what is -13884080 - -13?
-13884067
In base 6, what is 221233 - -132125?
353402
In base 15, what is -1179c4 + 14?
-1179b0
In base 10, what is 28367309 - 6?
28367303
In base 12, what is 2a0 + -326779?
-326499
In base 13, what is -96b5 + 11c?
-9596
In base 12, what is 1610639 + -14?
1610625
In base 13, what is 266c488 + 1?
266c489
In base 9, what is -18614651 - -5?
-18614645
In base 9, what is -334627 - 168?
-334806
In base 13, what is ba0 + -6629?
-5759
In base 2, what is 111011111001000000 + 11?
111011111001000011
In base 4, what is -1331 - -1202330203?
1202322212
In base 8, what is -35040 + 504?
-34334
In base 13, what is -28 + 170559?
170531
In base 8, what is 720470027 + 1?
720470030
In base 4, what is -1 - -1020312022301?
1020312022300
In base 12, what is -10 - -1509205?
15091b5
In base 15, what is -82e2 - -9b0?
-7832
In base 16, what is -bbc69 - -9e?
-bbbcb
In base 7, what is 43511 - -4035?
50546
In base 10, what is -27886 + -209?
-28095
In base 4, what is -10232120 - 12021?
-10310201
In base 11, what is 72675899 - -3?
726758a1
In base 14, what is -614c9 + 603?
-60cc6
In base 9, what is 6415324 + 4?
6415328
In base 3, what is 11012020001002 + 212?
11012020001221
In base 12, what is -7325024 + 4?
-7325020
In base 8, what is -20546 + -133015?
-153563
In base 10, what is 3184 + 36018?
39202
In base 6, what is 105441302452 - -5?
105441302501
In base 12, what is 1666 - 28a3?
-1239
In base 8, what is -613163 - -2533?
-610430
In base 12, what is 3158223 - 14?
315820b
In base 4, what is -10223333 - -10201?
-10213132
In base 12, what is -1987 + -241?
-2008
In base 14, what is -3b + 127100?
1270a3
In base 16, what is -b + 395f2?
395e7
In base 3, what is -1020112000220202200 - -12?
-1020112000220202111
In base 8, what is 4467 + 5523?
12212
In base 4, what is -1101 + -12000000212?
-12000001313
In base 7, what is -24 + 11162620?
11162563
In base 16, what is a0e67 + ba?
a0f21
In base 14, what is 6074d7 + -17?
6074c0
In base 5, what is -12310011 - -323?
-12304133
In base 7, what is 10330100 + 46?
10330146
In base 13, what is -1a28634 + 0?
-1a28634
In base 15, what is 77 - 28063?
-27edb
In base 3, what is -222020120212 + -100?
-222020121012
In base 15, what is 4 - 356520?
-35651b
In base 3, what is -210121012 + -210012?
-211101101
In base 5, what is -102 - 14010431?
-14011033
In base 12, what is 802921 + 8?
802929
In base 5, what is 312 + -20304?
-14442
In base 3, what is 10 - -1210222121200?
1210222121210
In base 14, what is 128d58d + 13?
128d5a2
In base 8, what is 56 + -33707505?
-33707427
In base 4, what is -220332102 - 21012?
-221013120
In base 2, what is 111000110 - -100100111111111?
100101111000101
In base 4, what is -32002 - -12013?
-13323
In base 5, what is -121441140 - 141?
-121441331
In base 2, what is 111 - 1100010100101111010000000?
-1100010100101111001111001
In base 10, what is -48 - 66287?
-66335
In base 15, what is -5 + c0181b?
c01816
In base 3, what is -212112 + -112222020?
-120211202
In base 3, what is 220120202201201 + -222?
220120202200202
In base 12, what is -13588 - 288?
-13854
In base 7, what is 25 + 3150031?
3150056
In base 6, what is -354151542 + 2?
-354151540
In base 2, what is 1110101011001100 - -11000000?
1110101110001100
In base 9, what is 6114 - 7874?
-1760
In base 5, what is 4 - 1202443312?
-1202443303
In base 10, what is -3035 + 1749?
-1286
In base 10, what is -8 + -408923?
-408931
In base 8, what is -1301357 + -75?
-1301454
In base 13, what